 the remainder when 338 is divided by g.
104
Let k = 680 - 666. Let d(f) = -9*f - 30. Calculate the remainder when d(-11) is divided by k.
13
Suppose -30 = -19*y + 4*y. What is the remainder when 486/y + 18/3 is divided by 36?
33
Suppose 11*v - 15 = -48. Let t = v + 88. Suppose -9*c + 131 = -t. What is the remainder when 94 is divided by c?
22
Let s = -124 + 379. Suppose 0 = 2*i + 3*l + 2 - 114, 5*i - s = 5*l. What is the remainder when 96 is divided by i?
43
Let g(l) = -l**2 + 15*l - 19. Suppose 8*j - 12*j + 40 = 0. Suppose -f - 33 - 16 = -3*r, 2*r + f - 31 = 0. Calculate the remainder when g(j) is divided by r.
15
Let g = 4135 + -3921. Calculate the remainder when g is divided by 119.
95
Suppose -x = s + 74, 5*x = -3*s - 157 - 59. What is the remainder when 41 is divided by (1 + 1)*s/(-22)?
6
Suppose -4*f + 4 = 2*q, 0*q + 2*q + f = 7. Let u be (-560)/(-3 - q)*8/10. Let b = -34 + u. What is the remainder when 59 is divided by b?
29
Suppose k = -n + 6*k + 215, k = -n + 191. Suppose -4*o = o - n. Suppose -j - 55 + 76 = 0. What is the remainder when o is divided by j?
18
Let t(l) = l**2 - 3*l - 737. Calculate the remainder when 319 is divided by t(30).
27
Suppose 2*w + 2*w = 4*z - 60, -5*z = -3*w - 67. Let k = 11 + z. Suppose -50*l + 268 = -2932. What is the remainder when l is divided by k?
20
Suppose 4066 = 25*c + 2966. What is the remainder when 152 is divided by c?
20
Suppose -12*n + 4084 + 13342 = -202. What is the remainder when n is divided by 15?
14
Let w be -5 + 7*(-30)/(-35). Suppose w = p - 8. What is the remainder when 232 is divided by p?
7
Let p = -11577 + 12062. Calculate the remainder when p is divided by 18.
17
Let n = 43896 - 43282. Calculate the remainder when n is divided by 305.
4
Let j(x) = x**2 + 23*x + 55. Let w be j(-20). Let f(q) = q**3 + 4*q**2 - 24*q - 77. Suppose 5*t = t + 264. What is the remainder when t is divided by f(w)?
12
Calculate the remainder when 148 is divided by (-768)/(-54) + 64/(-288).
8
Let t(r) = -r**3 + 8*r**2 - 8*r + 6. Let w be t(8). Let q = w - -68. Calculate the remainder when 59 is divided by q.
9
What is the remainder when 624 is divided by (-1 + -1)*(-26162)/412?
116
Suppose 697 = 4*c - 5*g, -3*c - 4*g = -9*g - 524. Calculate the remainder when c is divided by 44.
41
What is the remainder when (4 - (-2792)/(-20))/((-3)/10) is divided by 1*(36 - ((-7)/(-9) - (-38)/171))?
32
Suppose -2*z = z + 3*y + 84, 0 = 3*z - 5*y + 68. Let w = 35 + z. Suppose 0 = w*m - 7*m - 44. What is the remainder when m is divided by 8?
6
Suppose 0 = -7*m + 10*m, -m - 385 = -5*o. What is the remainder when o is divided by -15*28/(-12) - -6?
36
Let g = -7325 + 7413. What is the remainder when 517 is divided by g?
77
Let t = 23085 - 22515. Calculate the remainder when t is divided by 255.
60
Suppose 88*j + 53*j - 6345 = 0. Calculate the remainder when 161 is divided by j.
26
Let b(r) = 8*r**2 - 7*r - 7. Let l be b(-1). Let h(g) = g + 26. Suppose -10*u = -163 - 27. Calculate the remainder when h(l) is divided by u.
15
Suppose -4*f + 1035 = -q, -5*f + 57*q - 62*q + 1350 = 0. What is the remainder when f is divided by 46?
31
Suppose o = -0*o + 17. Let a = 22380 - 22332. What is the remainder when a is divided by o?
14
Calculate the remainder when (-321)/(-4815) - 9268/(-30) is divided by 97.
18
Suppose 3*m + 4*l - 167 = 0, 4*m + l - 301 = -m. Suppose -80 = -17*b + 328. Calculate the remainder when m is divided by b.
13
Let u(i) = -i + 28. Let n(k) = 2*k - 33. Let f(o) = 3*o - 33. Let d(b) = 6*f(b) - 5*n(b). Let l be d(6). What is the remainder when 116 is divided by u(l)?
12
Suppose 0 = 5*w - 2*f - 1477 - 748, 0 = 5*w + 4*f - 2225. Let c = -374 + w. Calculate the remainder when c is divided by 40.
31
Let c be 4/48 + 855/108. What is the remainder when 326/c - 1/(-4) is divided by 15?
11
Let l(m) = 11*m**2 + 10*m - 1. Let q be l(-23). Suppose -23*w + 12*w + q = 0. Calculate the remainder when w is divided by 34.
32
Let y = 10 + -5. Suppose q + 323 = 341. What is the remainder when q is divided by y?
3
Suppose -21*h + 14154 = -9072. What is the remainder when h is divided by 27?
26
Suppose -7*q - 50 = -344. Let y = -5 + 62. Suppose -3*h = 4*k - 104, 3*k - y = 5*h - 2*h. Calculate the remainder when q is divided by k.
19
Let f = -26 - -67. Let d = 47 - f. Suppose 2*m - d*m = -24. What is the remainder when m is divided by 2?
0
Let x(b) = -b**2 - 4*b + 11. Let h be x(2). Let l(w) = -642*w + 8. Let k be l(h). Calculate the remainder when 53 is divided by (-100)/k - (1 + (-405)/13).
23
Let t = -2930 - -2977. What is the remainder when 67 is divided by t?
20
What is the remainder when 753 is divided by ((-2615)/(-7) - (0 + -2)) + (-27)/(-63)?
1
Suppose 25*y = 21*y + 828. Suppose -y*z = -203*z - 388. What is the remainder when z is divided by 10?
7
Calculate the remainder when 249 is divided by ((-2)/3)/(3400/189 + -18).
60
Suppose -58 = s - 2*o + 6*o, 0 = 2*o. Let l = s + 94. Calculate the remainder when l is divided by 19.
17
Let z(s) = 41*s + 68. What is the remainder when 1341 is divided by z(2)?
141
Let y(z) = z**2 - 5*z - 24. Let d be y(8). Suppose d*l - 2996 = -14*l. What is the remainder when l is divided by 10?
4
Suppose 0 = 11*o - 5625 + 4316. What is the remainder when o is divided by 8?
7
Suppose 0 = -4*b + b + 2*h + 200, b - 95 = -5*h. Suppose 12*n + b = 19*n. Suppose -2*v - 38 = -4*v. Calculate the remainder when v is divided by n.
9
Suppose 2 = -5*x + 37. Suppose 0 = -k - 2, 5*o - x*o - 5*k = -166. Calculate the remainder when o is divided by 18.
16
Let x(s) = -48*s**3 + 4*s**2 + 37*s + 105. What is the remainder when x(-3) is divided by 655?
16
Suppose -6*u + 4 = -8. Suppose -z - 12 = -u*z. Let k(q) = -11*q. Calculate the remainder when k(-2) is divided by z.
10
Let j = 616 - 436. What is the remainder when j is divided by (-4829)/(-209) - 12/114?
19
Let h(q) = 105*q + 5946. Let k be (4 - -1)*(-12)/10. What is the remainder when h(-56) is divided by (-98)/k - 8/(-12)?
15
Let o = 69 - 142. Let h(s) = 7*s**2 + 27*s + 98. Let t be h(-4). Let n = o + t. Calculate the remainder when n is divided by 16.
13
Suppose 27*x - 162966 = -54*x - 92*x. Calculate the remainder when x is divided by 11.
7
Suppose -95*y = -8*y - 3567. Let r(f) = f**3 + 4*f**2 - 3*f + 5. Calculate the remainder when r(4) is divided by y.
39
Suppose -98*h - 288*h = -52882. What is the remainder when 649 is divided by h?
101
Suppose 0*z - 4*z - 852 = 0. What is the remainder when 2/((-14)/35) - z is divided by 35?
33
Let k(x) = 17*x + 762. What is the remainder when k(-40) is divided by 61?
21
Let s be 19 + 2*(-1 - 1). Let x be (-2)/s + 822/90. Suppose -2*o = d - x - 1, 0 = -o - 3. What is the remainder when d is divided by 3?
1
Suppose 0 = 27*l - 758 + 73 - 989. What is the remainder when 73 is divided by l?
11
Let k be (3/(-12)*14)/(6/(-24)). Suppose 4*j = -i + 34, -17*j = -i - k*j + 41. Calculate the remainder when 48 is divided by i.
10
Suppose -5*q - n + 353 = -0*n, 4*n - 12 = 0. Let k = q - 25. Calculate the remainder when (-610)/(-9) - (-10)/k is divided by 10.
8
Suppose -75*b - 39 - 96 = -90*b. Calculate the remainder when 51 is divided by b.
6
Let d = 18378 - 18086. What is the remainder when d is divided by 87?
31
Let j = -58 - -118. Suppose -3*n - 4872 = -5*n - 4*q, 5*n + 4*q = 12180. What is the remainder when j is divided by 4/7 - (n/49)/(-4)?
8
Suppose -541*t + 534*t + 126 = 0. Suppose k - t = -0. What is the remainder when 117 is divided by k?
9
Suppose 5*o = 2*k + 137, -246*o - 134 = -251*o - k. What is the remainder when 1305 is divided by o?
9
Let n = -84 - -42. Let q = n - -47. Suppose -3*i + 19 = z - 34, 99 = q*i - z. What is the remainder when i is divided by 13?
6
Suppose 16 = -4*c, 35*p - 5*c = 32*p + 125. What is the remainder when 352 is divided by p?
2
Let k(t) = t + 5. Suppose -5*p - 27 = -y, -3*y - p + 4*p + 69 = 0. Suppose 4*o - 10 = y. What is the remainder when 21 is divided by k(o)?
8
Let f(h) = 2*h**2 - 11*h - 64. Suppose -4*y + 120 + 44 = 0. What is the remainder when y is divided by f(-4)?
5
Let r(o) = o**2 - 118*o + 11. What is the remainder when 2170 is divided by r(0)?
3
Let m = -45 + 45. Suppose m = 7*t + t - 1928. What is the remainder when t is divided by 35?
31
Let b = 627 + -1370. Let a = b + 769. What is th